 Let n be c(z). List the prime factors of (3/6)/(n/(-18)).
3
Let j(x) = x**2 + 10. Let b be j(15). Suppose -5*r - p = -b, -r + p + 41 = -0. List the prime factors of r.
2, 23
Let k = -61 - -122. What are the prime factors of k?
61
Let j be 1/(-2)*(3 - 1). Let c be (j + 3)*1/(-1). List the prime factors of (c - (-6 + 1))*3.
3
Let b(x) = -9*x + 1. Let j be (-3)/1 - 0/(-2). List the prime factors of b(j).
2, 7
Let l(s) = -s**3 - 66. Let k be l(0). List the prime factors of (2/6)/((-2)/k).
11
Suppose -5*r + l = -95, r - 27 - 3 = -2*l. List the prime factors of r.
2, 5
Let r(k) = -3*k**3 - 7*k**2 - 2*k + 8. List the prime factors of r(-4).
2, 3
Suppose 25 = 2*u - 3. What are the prime factors of u?
2, 7
Suppose -5*u + a + 5 = 6*a, -5*u - 4*a = -5. Let y(r) = 2*r**3 - 4*r**2 - 4 + 3*r + u + 1. What are the prime factors of y(2)?
2
Let r be -1 + 1 + 3 - 2. Suppose r = g + 4. What are the prime factors of 5/(1 - 2)*g?
3, 5
Suppose -80 = -7*b + 2*b. Suppose 2*r + b = 3*o, 0*o + 4*r = 3*o - 26. List the prime factors of 7/o - (-2)/(-4).
3
Suppose -3*o + 5*o - 46 = 0. What are the prime factors of o?
23
Suppose o - 4*p - 18 = 0, o - 9 = -3*o - 5*p. Let n(a) = 2*a - 9. Let t be n(o). Suppose -t*g + 55 = 2*g. List the prime factors of g.
11
Suppose 220 = o + 3*o. List the prime factors of o.
5, 11
What are the prime factors of 3332/51*(-6)/(-4)*2?
2, 7
Let y be (-2 - 12/(-15))*10. Let d = 6 - y. What are the prime factors of d?
2, 3
Let r be (2/2)/(2/(-98)). Let k = -30 - r. What are the prime factors of k?
19
Let i = -62 + 143. What are the prime factors of i?
3
What are the prime factors of -2 + (4 + -1 - -117)?
2, 59
Let m be (-3)/(-2)*2/3. Let t be -150 - (m - (5 - 2)). What are the prime factors of t/(-12) + (-1)/3?
2, 3
Suppose -56 = -3*t + 61. What are the prime factors of t?
3, 13
Let q be 0 + 22 + 3 + 2. Let d = q - -8. What are the prime factors of d?
5, 7
Suppose i + 136 = 3*o, -4*o + 254 = -i + 71. What are the prime factors of o?
47
Let d = 115 + -82. List the prime factors of d.
3, 11
Let s be 1 - (2 - (0 + 0)). Let u(x) = -26*x**3 + 2*x**2 - 1. What are the prime factors of u(s)?
3
Suppose 23 = -0*x + x. What are the prime factors of x?
23
Let w = 10 + -6. Suppose -2*m - 2*m = -w*n - 8, m = 3*n + 6. List the prime factors of (n/(-6))/((-6)/(-162)).
3
Suppose 3*q = -0*q - 6. What are the prime factors of 66/12 - q/4?
2, 3
Suppose -9 = -3*y, -3*t = -y - 5 - 1. Suppose 4*x = m - 17 + 44, 4*m = t*x - 30. List the prime factors of (2/(-5))/(x/(-30)).
2
Let q = -206 + 319. What are the prime factors of q?
113
Suppose 0 = 5*b + 5*v - 193 - 27, -5*b + v = -196. What are the prime factors of b?
2, 5
Suppose r - 639 = 3*f - 8*f, -3*f + 386 = -2*r. What are the prime factors of f?
2
What are the prime factors of (-70)/(-6) + (-13)/(-39)?
2, 3
Let g = 21 + -35. What are the prime factors of (g/6)/((-1)/6)?
2, 7
Suppose -4*h + 38 = 10. Let p(t) = -3*t + 2*t - 4 + t**3 - 6*t**2 - 3*t. List the prime factors of p(h).
17
Let o(x) = -x**3 + 2*x**2 + 3*x + 1. Let r = 12 - 15. What are the prime factors of o(r)?
37
Let t(x) = -x - 16. List the prime factors of t(-19).
3
Suppose -961 = -5*n + o, 0 = -5*n + 2*n + 4*o + 563. List the prime factors of n.
193
Let k(h) = h**3 - 8*h**2 - 7*h - 6. Let u be (-4)/10 + 376/40. What are the prime factors of k(u)?
2, 3
Suppose 2*o + 2*y = 98, -3*o = -6*o - 2*y + 151. What are the prime factors of o?
53
Let g(w) = -7*w - 11. Let u be g(-6). Let t = u + -7. What are the prime factors of t?
2, 3
Let b(f) = -3*f - 1. Let v be b(-19). Suppose 4*g - v = -4*z, -z + 1 + 3 = 0. What are the prime factors of g?
2, 5
Let d(v) = -v**2 - 9*v - 12. Let c be d(-10). Let i(l) = -l**2 + 3*l + 5. Let s be i(6). Let x = s - c. List the prime factors of x.
3
Let o = -20 - -42. List the prime factors of o.
2, 11
Suppose 0 = w + 4*w. Suppose o + 17 = 3*c, 0 = -4*o - w + 4. List the prime factors of c.
2, 3
Suppose -7*h + 200 = -6*h. What are the prime factors of h?
2, 5
Suppose 100 = 3*h + 2*h. What are the prime factors of h?
2, 5
Let n(v) be the second derivative of -v**5/20 - v**4/6 - v**3/3 - 8*v. Suppose -h = 3*o - 1 + 2, 0 = -o + 2*h - 12. List the prime factors of n(o).
2
Suppose 22 = 2*s + 4*g, 5*g = -5*s + 23 + 17. Suppose 0 = -5*z + i + 15, s*z - 4*i - i - 35 = 0. Suppose -4 = -0*v - z*v. List the prime factors of v.
2
Suppose c + c + k = 5, 0 = 3*c + 2*k - 5. What are the prime factors of c?
5
Let u be ((-636)/(-24))/(2/(-4)). Let q = u + 98. What are the prime factors of q?
3, 5
Suppose 4*r - 88 = 12. List the prime factors of r.
5
Let k(o) = -o**2 - 7*o + 9. What are the prime factors of k(-7)?
3
Suppose -1 = -x + 2. List the prime factors of (-6)/x*(3 - 13).
2, 5
Let c(o) = 4*o**2 - 11*o + 15. Let f(w) = w**2 - 3*w + 4. Let y(h) = -2*c(h) + 9*f(h). What are the prime factors of y(4)?
2
Let y = 0 - -2. Suppose y*d = 10 - 0. Suppose -k + 1 + d = 0. What are the prime factors of k?
2, 3
Let w = -5 - -6. List the prime factors of w + -3 - (2 + -44).
2, 5
Let v be 0/(-2) - (-5 + 4). Let w(m) = 2*m**2 - v - 2*m - 2*m**2 + m**2. List the prime factors of w(-1).
2
Suppose 230 = d + 2*d + 5*h, 4*h = -5*d + 405. List the prime factors of d.
5, 17
Suppose 7 = -3*l + 16. Suppose 5*g = l*g + 28. List the prime factors of g.
2, 7
Let s = -2 + 4. Suppose 3*p - 3*u = -s*u + 3, 2*u = 2*p - 6. Suppose 3*j + 2*y = 50, 38 = -p*j + 3*j - y. What are the prime factors of j?
2, 7
Let j(h) be the first derivative of 9*h**4/4 - h**2/2 + h - 5. Suppose 1 = 2*g - 1. What are the prime factors of j(g)?
3
What are the prime factors of 2920/16 + (-1)/(-2)*-1?
2, 7, 13
Let t be 21/(-14)*(-8)/6. Let b(a) = 2*a**t - a + 14 - 10 + 2*a. What are the prime factors of b(-3)?
19
Suppose -w = 3*w - 5*s, 0 = s. Suppose -4*c - 16 = w, 4*c + 73 = 4*z - 71. List the prime factors of z.
2
Let b(u) = -u**3 + 2*u**2 + 3*u - 4. What are the prime factors of b(-3)?
2
Suppose -2*z - 118 = -5*p - 13, 0 = -2*z. Suppose -p = -4*k + k. What are the prime factors of k?
7
Let z(g) = -3*g**3 + 3*g**2 + 11*g + 5. What are the prime factors of z(-4)?
3, 67
Let a = -16 + 30. Let s = a + 13. Let z = s - 9. What are the prime factors of z?
2, 3
Let q = -33 + 122. What are the prime factors of q?
89
Suppose -x = -6*x. Suppose x = l - 1 - 9. List the prime factors of (-4)/l - 67/(-5).
13
Suppose -2*x = 5*j + 14, x - 2*x - 5*j = 7. Let r be 174/(-4) + x/14. What are the prime factors of r/(-6) + (-2)/(-3)?
2
Suppose n - 2*n = 0. Let a(j) be the first derivative of -j**3/3 + j**2/2 + 13*j - 4. List the prime factors of a(n).
13
Let r = -2 - 4. Let o(m) = -2*m**3 - 12*m**2 + 3*m - 8. Let d(y) = -y**3 - 6*y**2 + 2*y - 4. Let u(h) = -7*d(h) + 4*o(h). What are the prime factors of u(r)?
2
Suppose 0 = 4*o - 20, 0*w + 22 = -3*w + 2*o. Let c(x) = -x**3 - 3*x**2 + 3*x - 3. Let f be c(-5). List the prime factors of (w/8)/((-2)/f).
2
Let i(a) = 2*a + 26. List the prime factors of i(0).
2, 13
Let u(b) = -b. Let w be u(0). Suppose -4*s = 2*c - 27 - 31, 4*c + 3*s - 121 = w. What are the prime factors of c?
31
Let u be (-8)/(-10)*(-70)/(-4). Let y be 3*u/3 + 1. Let v = -8 + y. List the prime factors of v.
7
Let a(q) = q**3 + 9*q**2 - 10*q + 3. Let j be a(-10). Let k be (-15)/2*(-8)/j. Suppose -c - 3*c + k = 0. List the prime factors of c.
5
Let t(x) = x**2 - 2*x - 5. List the prime factors of t(7).
2, 3, 5
Suppose -25 = -5*s + 90. Let a = s - 8. What are the prime factors of a?
3, 5
Suppose -266 + 1806 = 14*g. List the prime factors of g.
2, 5, 11
Let h = 8 + -16. What are the prime factors of (h/6)/(10/(-75))?
2, 5
Let v = 9 + -6. Let j(b) = 1 + 5 - 5*b**2 - b**v + 6*b + 0*b. List the prime factors of j(-6).
2, 3
Let h(j) = -j**3 - 4*j**2 + 5*j + 2. Let m(g) = g**2 - 7*g + 5. Let z be m(5). List the prime factors of h(z).
2
Let q(k) = 11*k + 1. List the prime factors of q(1).
2, 3
Suppose 0 = -0*t + 3*t - 33. Suppose 5*p + 47 - 122 = 0. Let x = p - t. What are the prime factors of x?
2
Suppose -87 = -z - 18. Suppose -3*w = 4*v - z, 0 = -4*v - 0*w + 5*w + 45. List the prime factors of v.
3, 5
Suppose 2*y = 4*x + 274, 3*y - 3*x + 5*x - 451 = 0. What are the prime factors of y?
3, 7
Let u(y) = 43*y**2 - 2*y + 2. List the prime factors of u(1).
43
Let w be (-21)/(-5) - (-5)/(-25). Suppose -w*g + 22 = -u - 